tors of 3453.
3, 1151
List the prime factors of 2785.
5, 557
What are the prime factors of 9588?
2, 3, 17, 47
List the prime factors of 2341.
2341
List the prime factors of 22026.
2, 3, 3671
List the prime factors of 4954.
2, 2477
What are the prime factors of 9504?
2, 3, 11
List the prime factors of 13092.
2, 3, 1091
List the prime factors of 1076.
2, 269
List the prime factors of 168.
2, 3, 7
What are the prime factors of 41784?
2, 3, 1741
What are the prime factors of 18884?
2, 4721
List the prime factors of 6642.
2, 3, 41
List the prime factors of 150341.
149, 1009
What are the prime factors of 107984?
2, 17, 397
What are the prime factors of 120110?
2, 5, 12011
List the prime factors of 4511.
13, 347
What are the prime factors of 915?
3, 5, 61
List the prime factors of 7927.
7927
List the prime factors of 5689.
5689
List the prime factors of 1641.
3, 547
List the prime factors of 3176.
2, 397
List the prime factors of 1678.
2, 839
What are the prime factors of 1252?
2, 313
List the prime factors of 3486.
2, 3, 7, 83
List the prime factors of 243.
3
List the prime factors of 526.
2, 263
List the prime factors of 202.
2, 101
List the prime factors of 4916.
2, 1229
What are the prime factors of 12245?
5, 31, 79
What are the prime factors of 590?
2, 5, 59
What are the prime factors of 2261?
7, 17, 19
List the prime factors of 149918.
2, 74959
What are the prime factors of 2306?
2, 1153
List the prime factors of 1349.
19, 71
List the prime factors of 5597.
29, 193
List the prime factors of 6806.
2, 41, 83
What are the prime factors of 2775?
3, 5, 37
List the prime factors of 45440.
2, 5, 71
What are the prime factors of 114?
2, 3, 19
What are the prime factors of 9268?
2, 7, 331
List the prime factors of 43430.
2, 5, 43, 101
List the prime factors of 2754.
2, 3, 17
List the prime factors of 1118.
2, 13, 43
List the prime factors of 2360.
2, 5, 59
What are the prime factors of 818?
2, 409
What are the prime factors of 2173?
41, 53
What are the prime factors of 575?
5, 23
List the prime factors of 9884.
2, 7, 353
What are the prime factors of 12796?
2, 7, 457
What are the prime factors of 15445?
5, 3089
What are the prime factors of 21460?
2, 5, 29, 37
What are the prime factors of 1439?
1439
List the prime factors of 15004.
2, 11, 31
List the prime factors of 18555.
3, 5, 1237
List the prime factors of 491.
491
List the prime factors of 50.
2, 5
What are the prime factors of 8938?
2, 41, 109
What are the prime factors of 85960?
2, 5, 7, 307
List the prime factors of 482.
2, 241
What are the prime factors of 4820?
2, 5, 241
List the prime factors of 1096.
2, 137
What are the prime factors of 21800?
2, 5, 109
List the prime factors of 38211.
3, 47, 271
List the prime factors of 15838.
2, 7919
List the prime factors of 12252.
2, 3, 1021
List the prime factors of 60925.
5, 2437
What are the prime factors of 14545?
5, 2909
List the prime factors of 1239.
3, 7, 59
What are the prime factors of 1223?
1223
List the prime factors of 4244.
2, 1061
What are the prime factors of 2217?
3, 739
What are the prime factors of 2245?
5, 449
What are the prime factors of 714?
2, 3, 7, 17
List the prime factors of 3724.
2, 7, 19
What are the prime factors of 3581?
3581
What are the prime factors of 251?
251
What are the prime factors of 4051?
4051
List the prime factors of 28968.
2, 3, 17, 71
List the prime factors of 16678.
2, 31, 269
What are the prime factors of 1470?
2, 3, 5, 7
List the prime factors of 18989.
17, 1117
List the prime factors of 180.
2, 3, 5
What are the prime factors of 2388?
2, 3, 199
List the prime factors of 2260.
2, 5, 113
What are the prime factors of 54804?
2, 3, 4567
List the prime factors of 40470.
2, 3, 5, 19, 71
What are the prime factors of 4609?
11, 419
What are the prime factors of 5779?
5779
What are the prime factors of 2625?
3, 5, 7
List the prime factors of 2445.
3, 5, 163
What are the prime factors of 4115?
5, 823
What are the prime factors of 1554?
2, 3, 7, 37
What are the prime factors of 369?
3, 41
List the prime factors of 646.
2, 17, 19
List the prime factors of 6347.
11, 577
What are the prime factors of 34718?
2, 17359
List the prime factors of 383.
383
List the prime factors of 34197.
3, 11399
List the prime factors of 25233.
3, 13, 647
What are the prime factors of 7231?
7, 1033
What are the prime factors of 3272?
2, 409
What are the prime factors of 100067?
11, 827
List the prime factors of 701.
701
What are the prime factors of 18085?
5, 3617
List the prime factors of 1031.
1031
What are the prime factors of 460?
2, 5, 23
List the prime factors of 6631.
19, 349
List the prime factors of 7798.
2, 7, 557
What are the prime factors of 149?
149
What are the prime factors of 103?
103
What are the prime factors of 3543?
3, 1181
List the prime factors of 3217.
3217
What are the prime factors of 2310?
2, 3, 5, 7, 11
List the prime factors of 216.
2, 3
What are the prime factors of 25703?
25703
List the prime factors of 7767.
3, 863
List the prime factors of 63048.
2, 3, 37, 71
List the prime factors of 36847.
36847
What are the prime factors of 134262?
2, 3, 7459
List the prime factors of 45551.
11, 41, 101
What are the prime factors of 13823?
23, 601
What are the prime factors of 584?
2, 73
List the prime factors of 725.
5, 29
What are the prime factors of 9916?
2, 37, 67
What are the prime factors of 1798?
2, 29, 31
List the prime factors of 751.
751
List the prime factors of 56079.
3, 31, 67
List the prime factors of 49715.
5, 61, 163
What are the prime factors of 32320?
2, 5, 101
What are the prime factors of 74401?
47, 1583
What are the prime factors of 800?
2, 5
What are the prime factors of 96919?
19, 5101
What are the prime factors of 1708?
2, 7, 61
What are the prime factors of 3756?
2, 3, 313
What are the prime factors of 477?
3, 53
List the prime factors of 2315.
5, 463
What are the prime factors of 58588?
2, 97, 151
List the prime factors of 5972.
2, 1493
List the prime factors of 16355.
5, 3271
What are the prime factors of 14049?
3, 7, 223
What are the prime factors of 5136?
2, 3, 107
What are the prime factors of 71753?
11, 593
What are the prime factors of 1422?
2, 3, 79
List the prime factors of 17761.
17761
List the prime factors of 14241.
3, 47, 101
What are the prime factors of 14839?
11, 19, 71
What are the prime factors of 1906?
2, 953
What are the prime factors of 984?
2, 3, 41
List the prime factors of 1115.
5, 223
List the prime factors of 59987.
223, 269
List the prime factors of 71482.
2, 103, 347
What are the prime factors of 2427?
3, 809
What are the prime factors of 14359?
83, 173
List the prime factors of 10417.
11, 947
What are the prime factors of 157?
157
List the prime factors of 6897.
3, 11, 19
What are the prime factors of 3574?
2, 1787
What are the prime factors of 37258?
2, 13, 1433
List the prime factors of 1340.
2, 5, 67
What are the prime factors of 2707?
2707
What are the prime factors of 24928?
2, 19, 41
What are the prime factors of 799?
17, 47
What are the prime factors of 33961?
33961
List the prime factors of 841.
29
List the prime factors of 467.
467
What are the prime factors of 1495?
5, 13, 23
List the prime factors of 582.
2, 3, 97
What are the prime factors of 1485?
3, 5, 11
What are the prime factors of 17944?
2, 2243
What are the prime factors of 106014?
2, 3, 17669
List the prime factors of 7865.
5, 11, 13
What are the prime factors of 9186?
2, 3, 1531
What are the prime factors of 1090?
2, 5, 109
What are the prime factors of 122246?
2, 19, 3217
What are the prime factors of 3407?
3407
What are the prime factors of 43560?
2, 3, 5, 11
List the prime factors of 69.
3, 23
List the prime factors of 3872.
2, 11
What are the prime factors of 24918?
2, 3, 4153
What are the prime factors of 29627?
13, 43, 53
What are the prime factors of 19156?
2, 4789
What are the prime factors of 420?
2, 3, 5, 7
What are the prime factors of 4049?
4049
What are the prime factors of 143726?
2, 11, 47, 139
List the prime factors of 92807.
11, 13, 59
List the prime factors of 12486.
2, 3, 2081
List the prime factors of 2981.
11, 271
What are the prime factors of 2320?
2, 5, 29
List the prime factors of 15680.
2, 5, 7
What are the prime factors of 13716?
2, 3, 127
List the prime factors of